9)?
-5
Let z(p) = 11*p + 5. What is z(-7)?
-72
Let z(a) = 13*a - 79. Calculate z(5).
-14
Let c(f) = -f**2 + 6*f - 12. What is c(7)?
-19
Let o(w) = -w**2 - 25*w - 78. Give o(-22).
-12
Let d(t) = -t**3 + 5*t**2 + t - 4. Give d(6).
-34
Let y(h) = -5*h**2 + h + 4. What is y(2)?
-14
Let t(z) = -z**2 + 17*z - 54. Calculate t(13).
-2
Let z(j) = -j**3 + 2*j**2 + 9*j - 14. Calculate z(3).
4
Let j(b) = -b**3 - 9*b**2 + 8*b - 9. Determine j(-10).
11
Let w(n) = -n**3 - 8*n**2 - 2*n + 9. What is w(-7)?
-26
Let x(c) = -4*c - 65. Determine x(-15).
-5
Let n(i) = -2*i**2 + 6*i - 5. Determine n(4).
-13
Let s(g) = g**2 + g - 5. Give s(3).
7
Let f(q) = 71*q - 70. Give f(1).
1
Let g(q) = q**3 - 9*q**2 + 14*q + 5. Calculate g(7).
5
Let l(s) = -s**2 - 4*s - 10. Determine l(-7).
-31
Let w(c) = 2*c**2 - 3*c - 1. What is w(4)?
19
Let o(c) = 14*c + 1. Determine o(-3).
-41
Let c(u) = u**3 + 5*u**2 - u - 3. Give c(-6).
-33
Let t(d) = 2*d**2 + 74*d + 630. Give t(-13).
6
Let u(b) = -2*b**3 - b**2. What is u(-1)?
1
Let z(d) = d**3 + 16*d**2 + 63*d + 9. What is z(-9)?
9
Let n(h) = -h**3 + 23*h**2 + 25*h - 35. Give n(24).
-11
Let d(c) = -c + 18. What is d(12)?
6
Let q(c) = -c**3 - 24*c**2 - c - 28. Determine q(-24).
-4
Let b(f) = -f**3 - 4*f**2 + 4*f + 2. Determine b(-5).
7
Let p(k) = k**3 - 27*k**2 - 60*k + 52. What is p(29)?
-6
Let c(t) = -2*t**2 + 8*t - 3. What is c(5)?
-13
Let o(s) = -s**3 + 6*s**2 - 7*s - 1. What is o(3)?
5
Let n(j) = 6*j**2 - 6*j + 5. Determine n(2).
17
Let h(n) = -2*n + 11. Calculate h(7).
-3
Let w(s) = -s**2 + 11*s - 17. Calculate w(6).
13
Let c(w) = w - 4. Calculate c(4).
0
Let a(f) = -f**3 + 39*f**2 + 33*f + 286. What is a(40)?
6
Let b(r) = -46*r**3 - 3*r - 2. Calculate b(-1).
47
Let y(k) = -k**3 - 11*k**2 - 2*k - 10. What is y(-11)?
12
Let z(k) = 3*k - 77. What is z(26)?
1
Let f(b) = -b**3 + 8*b**2 + 7*b - 1. Determine f(9).
-19
Let b(o) = -3*o + 5. Give b(9).
-22
Let y(t) = -t**3 - t**2 + 3*t + 4. Determine y(-2).
2
Let a(p) = p**3 - 17*p**2 - 36*p - 40. Determine a(19).
-2
Let t(s) = 7*s - 27. Give t(9).
36
Let k(p) = 7*p + 55. Calculate k(-9).
-8
Let g(u) = u**3 + 11*u**2 + 9*u - 2. What is g(-10)?
8
Let s(u) = 233*u + 1635. Calculate s(-7).
4
Let g(c) = -c**2 - 19*c + 6. Determine g(-19).
6
Let r(p) = p**3 - 3*p**2 + 3*p - 22. Calculate r(4).
6
Let k(c) = -2*c**2 - 12*c + 2. What is k(-6)?
2
Let x(n) = -n**3 + 3*n**2 + n - 3. Determine x(3).
0
Let r(t) = -3*t + 31. Give r(9).
4
Let f(p) = -9*p + 32. What is f(3)?
5
Let q(x) = -8*x - 1. Calculate q(-3).
23
Let s(v) = 6*v**2 + 2*v - 2. What is s(1)?
6
Let k(h) = -h**2 + 14*h - 16. Determine k(12).
8
Let t(v) = -v**2 - 12*v + 22. What is t(-13)?
9
Let u(d) = d**3 + 8*d**2 + 4*d + 18. Calculate u(-8).
-14
Let s(a) = -4*a - 5. Determine s(1).
-9
Let y(s) = s**2 + 2*s - 5. Give y(-4).
3
Let z(i) = -i**3 - i**2 + 4. Calculate z(2).
-8
Let n(i) = 6*i - 16. Determine n(5).
14
Let c(i) = -i**3 + i**2 + 8. Determine c(0).
8
Let k(h) = h**3 - h**2 + 2. Give k(3).
20
Let b(p) = p**2 + 12*p + 8. Calculate b(-11).
-3
Let s(y) = 6*y + 33. Calculate s(-6).
-3
Let s(x) = 4*x**2 + x + 1. Calculate s(-3).
34
Let z(d) = 5*d + 58. Determine z(-10).
8
Let j(x) = -22*x + 25. What is j(2)?
-19
Let d(k) = -k**3 - 36*k**2 - 69*k - 31. Calculate d(-34).
3
Let c(k) = 2*k**3 + 6*k**2 - 2. What is c(-3)?
-2
Let n(g) = 2*g**2 - 7*g - 13. Calculate n(-5).
72
Let s(g) = -g**3 - 9*g**2 + 13*g - 11. Determine s(-10).
-41
Let v(x) = x**3 - 5*x**2 - 2*x + 4. What is v(5)?
-6
Let b(x) = x**3 + 6*x**2 - 9*x. Determine b(-6).
54
Let j(d) = -16*d + 35. Give j(4).
-29
Let r(b) = -7*b + 28. Calculate r(4).
0
Let h(o) = -o + 5. Determine h(-6).
11
Let j(p) = -p**2 - 11*p + 7. Determine j(-9).
25
Let z(a) = -2*a**3 + 9*a**2 + 7*a - 10. What is z(5)?
0
Let q(i) = i**3 + 27*i**2 - 30*i - 10. Give q(-28).
46
Let p(g) = -2*g**2 - 11*g + 23. Calculate p(2).
-7
Let n(b) = -3*b**2 + 2*b + 9. Calculate n(0).
9
Let y(z) = -z**2 - 17*z + 18. Give y(-18).
0
Let j(k) = -k**3 + 5*k**2 - 2*k - 2. What is j(6)?
-50
Let n(a) = -a**3 - 51*a**2 - 49*a + 61. Give n(-50).
11
Let a(g) = 29*g + 2. What is a(-1)?
-27
Let c(g) = 6*g + 137. Calculate c(-21).
11
Let l(x) = 2*x**2 - 9*x. Calculate l(6).
18
Let f(q) = -31*q**2 + 2*q - 1. Calculate f(-1).
-34
Let a(n) = 3*n + 29. Calculate a(-15).
-16
Let u(i) = i**3 - 13*i**2 - 13*i - 17. What is u(14)?
-3
Let p(i) = i**3 - 36*i**2 + 35*i - 26. Give p(35).
-26
Let t(i) = -107*i + 2348. What is t(22)?
-6
Let w(s) = 11*s + 4. What is w(3)?
37
Let i(w) = w**2 + 13*w - 11. Give i(-13).
-11
Let s(c) = -3*c + 8. What is s(-7)?
29
Let l(t) = -4*t + 22. What is l(5)?
2
Let u(w) = w**3 + 3*w**2 + 2*w + 25. Calculate u(0).
25
Let i(g) = -2*g - 18. Give i(-4).
-10
Let s(r) = r**3 + 4*r**2 + 4*r + 5. Calculate s(-4).
-11
Let s(c) = -2*c**3 + 9*c**2 + 11*c + 2. Determine s(5).
32
Let r(t) = -t**3 - 8*t**2 + 14*t + 52. Give r(-9).
7
Let l(f) = f**3 + 14*f**2 + 4*f + 35. Determine l(-14).
-21
Let q(x) = 3*x - 79. Calculate q(24).
-7
Let x(z) = 9*z - 50. Determine x(8).
22
Let a(p) = 104*p - 6. Give a(1).
98
Let f(t) = -5*t - 54. What is f(-12)?
6
Let c(o) = o**3 + o**2 + 7*o - 7. Give c(0).
-7
Let o(k) = k**2 - 6*k - 3. Determine o(7).
4
Let w(l) = -2*l**2 + 7*l - 4. What is w(4)?
-8
Let f(h) = -h**2 - 4*h + 490. What is f(-24)?
10
Let b(l) = 3*l + 18. Determine b(-8).
-6
Let f(k) = k**2 + 9*k - 10. Give f(-8).
-18
Let p(g) = -g**2 + 11*g - 12. What is p(9)?
6
Let c(i) = i**2 + 32*i - 62. Calculate c(-35).
43
Let m(w) = w**3 - 3*w**2 - 4*w + 5. Calculate m(3).
-7
Let i(t) = -4*t + 68. Give i(17).
0
Let h(b) = -4*b - 5. Give h(-3).
7
Let j(v) = v**2 + 8*v - 116. What is j(-16)?
12
Let l(i) = -2*i - 18. Calculate l(-10).
2
Let j(d) = 65*d**2 - d. Determine j(-1).
66
Let s(n) = n - 9. Calculate s(4).
-5
Let n(r) = r**2 + r - 20. Give n(6).
22
Let l(u) = -13*u - 26. Determine l(-4).
26
Let r(c) = -11*c. Give r(-2).
22
Let a(s) = -8*s**2 - 66*s - 13. What is a(-8)?
3
Let b(x) = -61*x + 1. Calculate b(-1).
62
Let m(r) = -52*r - 255. Calculate m(-5).
5
Let a(f) = f**2 - 18*f - 160. What is a(25)?
15
Let l(z) = -7*z**3 - 4*z**2 - 5*z - 8. Calculate l(-2).
42
Let l(x) = 7*x + 121. What is l(-18)?
-5
Let o(r) = r**3 + 4*r**2 + r - 9. Calculate o(-4).
-13
Let c(f) = f**3 - 9*f**2 + 11. Give c(9).
11
Let z(o) = 2*o**2 + 13*o - 13. Give z(-7).
-6
Let b(t) = -12*t - 146. What is b(-12)?
-2
Let j(v) = -11*v + 2. What is j(-6)?
68
Let z(j) = -2*j + 14. Determine z(13).
-12
Let q(h) = -6*h + 8. Determine q(8).
-40
Let i(j) = j**3 - 6*j**2 + 6*j. What is i(5)?
5
Let x(b) = -b**3 + 27*b**2 + b - 22. Calculate x(27).
5
Let k(m) = -m**2 + 13*m - 3. Determine k(11).
19
Let f(l) = -l**3 + 7*l**2 - 3*l - 4. Give f(6).
14
Let u(o) = 3*o**2 - 33*o + 2. What is u(11)?
2
Let p(f) = -86*f**3 - 1. What is p(1)?
-87
Let o(l) = l**3 - 10*l**2 + 5*l - 8. Give o(10).
42
Let j(y) = y**3 + 10*y**2 - 3*y + 2. Give j(-10).
32
Let r(d) = -5*d**2 + 2*d + 6. Give r(-4).
-82
Let g(w) = w**2 - 9*w + 3. What is g(0)?
3
Let q(i) = 9*i + 7. What is q(-6)?
-47
Let u(y) = y + 18. Give u(-4).
14
Let k(d) = -35*d + 44. Give k(7).
-201
Let y(a) = -a + 51. Determine y(24).
27
Let r(i) = i - 13. Calculate r(0).
-13
Let w(r) = 6*r - 20. Give w(4).
4
Let f(w) = -w**2 - 2*w + 17. Give f(0).
17
Let d(u) = 11*u + 4. Give d(-4).
-40
Let d(f) = 4*f**2 - 2*f + 1. Calculate d(0).
1
Let x(u) = u**3 - 4*u**2 + 4*u - 6. Give x(4).
10
Let g(u) = -u - 15. Calculate g(-9).
-6
Let y(o) = -o**3 + o**2 + 4*o + 3. Determine y(-2).
7
Let i(v) = v**3 - v**2 - 5*v + 3. Determine i(3).
6
Let k(q) = -9*q + 11. What is k(6)?
-43
Let i(p) = -p**3 - 8*p**2 - 15*p - 13. Give i(-5).
-13
Let r(j) = -j**3 + j**2 - 4*j + 3. Determine r(0).
3
Let u(s) = 3*s + 1. What is u(-1)?
-2
Let h(o) = o**2 + 18*o + 2. What is h(-17)?
-15
Let y(a) = -5*a + 16. Determine y(20).
-84
Let f(w) = 2*w**2 - 9*w + 17. Calculate f(7).
52
Let c(f) = -f**3 - 17*f**2 + 3*f + 52. What is c(-17)?
1
Let u(y) = y**3 - 6*y**2 - 3*y + 2. Determine u(7).
30
Let f(j) = -6*j**2 + 45*j + 83. Give f(9).
2
Let i(k) = k**3 - 10*k**2 - 6*k - 13. Determine i(10).
-73
Let l(o) = -3*o**2 + 6*o + 4. Determine l(0).
4
Let x(o) = -o**3 - 2*o**2 + 6*o + 7. Calculate x(-4).
15
Let w(v) = 6*v + 7. Determine w(6).
43
Let c(g) = g**3 - 4*g**2 - 22*g + 1. Give 